e?
False
Suppose 2*g + 0*g + y = 9, -3*g + 4*y + 8 = 0. Suppose g - 24 = -4*l. Is (-2)/5 - (-127)/l a prime number?
False
Suppose 32 = g - 21. Suppose -v + 7 = v - 5*x, -4*v = 3*x - g. Let m = v + 10. Is m prime?
False
Let l(n) be the second derivative of 5*n**4/6 + n**3/3 - 7*n**2/2 + 8*n. Is l(-4) a composite number?
True
Let u(b) = 10*b - 5. Let l(f) = -20*f + 9. Let t(r) = -3*l(r) - 5*u(r). Is t(6) prime?
False
Suppose 2*w + 10 + 2 = -2*f, 2*w + 5*f = -6. Let x be 2/w - 42/(-8). Let j(m) = -m**3 + 5*m**2 + 7*m + 2. Is j(x) prime?
True
Let u(b) = -3*b - 7. Suppose -2*m - m + 72 = 0. Suppose -4*o = -0*o + m. Is u(o) a prime number?
True
Let g(a) = a**3 - 5*a**2 - 11*a - 13. Is g(12) a prime number?
True
Suppose -w - 4*f = -6, 2*f - 12 = -2*w - 0. Let b = -2 + w. Suppose k = -k + b*p + 6, -5*k = -5*p - 35. Is k a prime number?
True
Let x = 15 - 19. Is 551/7 - x/14 a prime number?
True
Suppose 63 + 115 = 2*r. Is r a composite number?
False
Suppose 5*r - 10 = 10. Suppose -2*q = -4*q - r. Is (-10)/(q*(-2)/(-34)) composite?
True
Let h = -58 - -317. Is h composite?
True
Is 14*13 + (-3 + 1 - 1) a prime number?
True
Let k = -8 + 11. Suppose 4*j = k*l + 4 - 127, -5*l = 4*j - 173. Is l a prime number?
True
Let l be (0/2)/(1 + 1). Suppose 5*q - c - c - 169 = l, -3*q + 4*c + 107 = 0. Is q prime?
False
Let n(a) = a**3 - 5*a**2 + 4*a - 1. Let i be n(4). Let p be 255 + (-3 - (1 + i)). Suppose y + 254 = 5*z, 3*z - 3*y = -2*z + p. Is z prime?
False
Suppose 0 = -3*m - 2*s + 1194, -4*m - 2*s - 98 = -1692. Suppose 0 = 5*q - 0*u - 5*u - m, 5*q + 2*u = 393. Is q a composite number?
False
Let l(q) be the third derivative of -q**6/30 - q**5/12 - q**4/3 - q**3 - 4*q**2. Is l(-5) a composite number?
False
Let m(c) = 250*c**2 - 2*c - 1. Let b be m(-2). Is 5/20 + b/4 a composite number?
False
Let t = -705 + 1406. Is t a prime number?
True
Suppose -4*y - l = -15, 5*y - 2*l - 4 = 5. Suppose b - y - 3 = 0. Suppose b = n - 31. Is n a composite number?
False
Let n(l) = -l**2 + 11*l - 7. Let f be n(10). Suppose -f*a + 392 = w + 3*w, 2*w = a + 186. Is w a composite number?
True
Suppose -l = -4*x - 2688, -1907 = -l + 3*x + 776. Suppose 8*b = 12*b - l. Is b a composite number?
True
Suppose -2*k = -29 + 7. Is k prime?
True
Suppose -6*z + 78 = -0*z. Is z composite?
False
Suppose 1 + 7 = 4*p. Suppose p*v - 65 = -3*v. Is v a prime number?
True
Suppose 4*g + 10 = 6*g. Suppose -9*a + g*a = -572. Is a composite?
True
Let k(x) = -6*x - 17. Is k(-6) prime?
True
Let f = 2 - 3. Let y(h) = 126*h**2 - 2*h - 1. Is y(f) composite?
False
Suppose 6272 + 1363 = p. Suppose -5*o = -c - p, -2*o + 3027 = -0*c + 5*c. Is o/18 - (-4)/18 a composite number?
True
Suppose 17*t - 14*t - 753 = 0. Is t a prime number?
True
Suppose -7029 = -c + 2*r, -3*c + r + 3*r + 21097 = 0. Is c a composite number?
False
Is 929 - (0*3/(-12))/(-2) a prime number?
True
Let p(c) = -41*c - 71. Is p(-10) a composite number?
True
Let b(o) = -2*o - 11. Let g be b(-8). Suppose -154 = -g*k - 49. Let j = 46 - k. Is j a prime number?
False
Suppose -b = -5 - 1. Is 231/b + 1/(-2) a prime number?
False
Let x(d) = 5*d**2 + 7*d - 1. Let u = 11 - 16. Let v = -10 - u. Is x(v) prime?
True
Let z be ((-5)/(-2))/((-8)/(-368)). Suppose -2*b = -z - 19. Is b prime?
True
Let o(h) = -h**2 - 9*h. Let t be o(-9). Suppose i + t*i = 10. Is i a prime number?
False
Suppose -p - 4 = -7. Let n(q) = -5*q - 2*q - p - q - 2*q. Is n(-4) a prime number?
True
Let r(s) = -3*s + 6*s**2 + 2 + 1 - 5. Let g be r(4). Is g + (-2 - -7 - 2) a prime number?
False
Let m = -8 + 19. Let w(d) = d - 9. Let z be w(m). Suppose -t + z*t - 26 = 0. Is t a prime number?
False
Let x(f) = -4*f**3 + 13*f**2 + 5*f + 9. Let j(r) = -3*r**3 + 12*r**2 + 6*r + 9. Suppose -7 + 1 = 3*l. Let i(b) = l*x(b) + 3*j(b). Is i(10) prime?
True
Let c = -143 + 258. Is c a composite number?
True
Suppose 5*m + 7 = -2*w, 2 + 6 = -w - m. Is w*(-2)/(6/9) composite?
True
Let v = 62 - 25. Is v a composite number?
False
Is (-5)/30*-9*(-26392)/(-12) prime?
True
Is 4/((-2)/597*-3) a composite number?
True
Let g(m) = -m**3 + 15*m**2 + 16*m + 2. Let l be g(16). Suppose 3*x - y - 1610 = 0, 2*y - 1060 = -l*x - 0*y. Is x composite?
True
Let g be (-3 - -2)/(1/101). Suppose 964 - 124 = 5*n. Let v = g + n. Is v a composite number?
False
Suppose -2*j + 0 - 8 = 0. Let b(z) = -z. Let f be b(j). Suppose -f*q = -2*q, -q = -3*l + 195. Is l a prime number?
False
Let g = -193 + 378. Let n = 348 - g. Is n a prime number?
True
Let u = 1 - -1. Let z(r) = -r. Let h be z(u). Is h/(3/((-318)/4)) a composite number?
False
Let f = -42 - -17. Let h = f - -47. Is h prime?
False
Is (-2)/(11/((-23914)/4)) prime?
True
Let b be (2/(-3))/((-6)/45). Suppose 0 = -b*f + 2*h + 201, 7*f - 192 = 2*f - h. Is f prime?
False
Suppose i = 3*q + 16, -4*q - 26 + 1 = -5*i. Let w(j) = -j + 2*j + 0 + i. Is w(8) a composite number?
True
Let j = 19 + 18. Suppose 3*p + 501 + j = q, -4*p = -2*q + 1070. Is q prime?
False
Let g(c) = -c**2 + 4*c. Let p be g(3). Suppose -5*k - p*l + 144 = -6, 2*k - 3*l - 60 = 0. Let w = -21 + k. Is w a prime number?
False
Let d(r) = 2*r - 3. Let n be (-7 + 4 + -2)/(-1). Is d(n) a prime number?
True
Is (26/52)/((-1)/(-118)) prime?
True
Suppose -5*m - 4*j + 584 = -j, 106 = m - 3*j. Is m a composite number?
True
Let f(h) = h**3 - 17*h**2 + 17*h + 28. Is f(21) a composite number?
True
Let y be -3 + (0 - (1 - 2)). Let i be (2 + -2 + 0)/y. Suppose 2*q + i*q - 190 = 0. Is q a composite number?
True
Is (5/10)/(((-5)/(-1282))/5) prime?
True
Suppose 3*k - 10 = c - 5*c, -5*c - 5*k + 15 = 0. Suppose 5 = 2*o + c. Suppose -j - o*j = -105. Is j prime?
False
Let s(x) = 4*x - 4 - 5*x - 1 + 1. Let c be s(-8). Suppose -62 = j - 3*j - c*i, -j + 5*i + 38 = 0. Is j prime?
False
Let q(h) = 2*h + 3*h**2 + 0*h + 4 + 2*h + 0. Is q(-5) prime?
True
Let f(z) = -z**3 - z**2 - 2*z + 3. Suppose -8 - 4 = 3*y. Is f(y) a composite number?
False
Let n(h) = 670*h - 73. Is n(6) a prime number?
True
Let y be -2*(6/3)/2. Let k be ((-6)/6)/(2/y). Is k + 11 + (-1)/(-1) a composite number?
False
Is (2 - 2) + (490 - (-3)/1) prime?
False
Let k(z) = 5*z**2 + 20*z + 19. Let o(j) = -j**3 - 6*j**2 - 4*j + 2. Let g be o(-4). Is k(g) a prime number?
True
Suppose -3*j + q - 1 = -5, -12 = 4*j + 3*q. Suppose s = -4*m - 0*s + 1676, j = 3*s. Is m prime?
True
Let x(q) = -4*q**3 - 5*q**2 + 5*q + 9. Is x(-7) a composite number?
True
Let p(o) = 12*o**2 - 1. Let q(s) = s**3 + 4*s**2 - 4*s + 5. Let u be q(-5). Suppose g + 3*g + 3*v = -4, g - 4*v + 1 = u. Is p(g) a composite number?
False
Let b = -7 - -7. Suppose -2*p + 786 = 70. Suppose k + 4*s - 143 = b, -2*k - s - 37 = -p. Is k a prime number?
True
Let v be (1 - 2)/(4/76). Let j = v - 75. Let w = j + 183. Is w composite?
False
Let c = -131 + 342. Is c a prime number?
True
Let b(d) = -d**2 - 7*d - 6. Let v(j) be the second derivative of -j**4/3 - j**3/6 + j**2/2 + 2*j. Let l be v(1). Is b(l) a composite number?
True
Let g(i) = 2*i**2. Let l be g(1). Suppose 0 = 4*t - 10 + l. Suppose 6*y - t*y - 1172 = 0. Is y prime?
True
Let j(a) = -2*a**3 + 11*a**2 + 8*a - 2. Let k(x) = 2*x**3 - 10*x**2 - 8*x + 3. Let z(v) = 4*j(v) + 5*k(v). Is z(5) prime?
True
Let b = 9 - 14. Let k = b - -35. Suppose 5*m - l = 4*l + k, 0 = l + 3. Is m composite?
False
Let z(o) = 102*o - 11. Is z(5) a prime number?
True
Let s = -1052 + 2899. Is s a composite number?
False
Suppose 2*k + 3*w + 60 = 4*w, -5*w = 5*k + 150. Is (-558)/k - (-2)/5 a prime number?
True
Suppose 3 = -2*r - 3*l, -2*r - 4 = -4*r + 4*l. Suppose r = -z - 2*z + 6. Suppose z*w - 2*c = 190, -5*c + 380 = 5*w - w. Is w prime?
False
Suppose 1703 = 2*z - q + 529, 4*z - 2348 = -4*q. Is z a prime number?
True
Suppose -u = 5*l - 52, -2*u = 3*u - 2*l - 179. Is u a prime number?
True
Let d = 1686 - 809. Is d a prime number?
True
Let w(j) be the first derivative of -j**2/2 - j - 4. Is w(-3) composite?
False
Let i = -63 - -63. Let l be (-4)/(-6) - 16/(-3). Suppose 2*q + 0*q - l = i. Is q composite?
False
Suppose -o + a = -6, a + 3*a - 11 = -3*o. Suppose 2*z + o*d = -0*d - 8, 3*d = -z - 5. Is 158 + z*1/(-1) prime?
True
Let w(g) = 553*g**2. Is w(1) a prime number?
False
Suppose -b + 268 = 9. Is b a composite number?
True
Let m be (1/(-2))/(8/(-192)). Let x = 19 - m. Is x composite?
False
Let y(v) = -4*v**2 - v + 3. Let 